e prime factors of 65.
5, 13
List the prime factors of 9828.
2, 3, 7, 13
List the prime factors of 3389.
3389
List the prime factors of 9343.
9343
List the prime factors of 24726.
2, 3, 13, 317
What are the prime factors of 700?
2, 5, 7
What are the prime factors of 45030?
2, 3, 5, 19, 79
What are the prime factors of 1983?
3, 661
What are the prime factors of 991?
991
List the prime factors of 5287.
17, 311
List the prime factors of 7428.
2, 3, 619
List the prime factors of 655.
5, 131
What are the prime factors of 745?
5, 149
List the prime factors of 16986.
2, 3, 19, 149
List the prime factors of 369.
3, 41
What are the prime factors of 13215?
3, 5, 881
List the prime factors of 18380.
2, 5, 919
What are the prime factors of 18376?
2, 2297
What are the prime factors of 2787?
3, 929
What are the prime factors of 376?
2, 47
List the prime factors of 20186.
2, 10093
List the prime factors of 602.
2, 7, 43
List the prime factors of 12228.
2, 3, 1019
What are the prime factors of 106443?
3, 11827
List the prime factors of 6501.
3, 11, 197
List the prime factors of 207.
3, 23
List the prime factors of 325.
5, 13
List the prime factors of 2831.
19, 149
What are the prime factors of 3484?
2, 13, 67
List the prime factors of 692.
2, 173
What are the prime factors of 1230?
2, 3, 5, 41
What are the prime factors of 61658?
2, 30829
What are the prime factors of 2739?
3, 11, 83
List the prime factors of 969.
3, 17, 19
List the prime factors of 10271.
10271
What are the prime factors of 805?
5, 7, 23
What are the prime factors of 3474?
2, 3, 193
List the prime factors of 730.
2, 5, 73
What are the prime factors of 273?
3, 7, 13
List the prime factors of 1634.
2, 19, 43
List the prime factors of 112075.
5, 4483
List the prime factors of 11259.
3, 139
List the prime factors of 1186.
2, 593
List the prime factors of 2043.
3, 227
What are the prime factors of 13381?
13381
List the prime factors of 93481.
93481
What are the prime factors of 7675?
5, 307
List the prime factors of 9603.
3, 11, 97
List the prime factors of 11804.
2, 13, 227
What are the prime factors of 33436?
2, 13, 643
What are the prime factors of 489?
3, 163
What are the prime factors of 16019?
83, 193
What are the prime factors of 5529?
3, 19, 97
What are the prime factors of 5170?
2, 5, 11, 47
List the prime factors of 6883.
6883
What are the prime factors of 2745?
3, 5, 61
What are the prime factors of 59909?
139, 431
What are the prime factors of 528?
2, 3, 11
What are the prime factors of 3556?
2, 7, 127
List the prime factors of 281.
281
What are the prime factors of 1635?
3, 5, 109
List the prime factors of 374.
2, 11, 17
List the prime factors of 7068.
2, 3, 19, 31
List the prime factors of 6256.
2, 17, 23
What are the prime factors of 1148?
2, 7, 41
List the prime factors of 1620.
2, 3, 5
List the prime factors of 3180.
2, 3, 5, 53
List the prime factors of 3504.
2, 3, 73
What are the prime factors of 5572?
2, 7, 199
What are the prime factors of 6803?
6803
What are the prime factors of 23072?
2, 7, 103
What are the prime factors of 1522?
2, 761
What are the prime factors of 738?
2, 3, 41
What are the prime factors of 11195?
5, 2239
What are the prime factors of 34276?
2, 11, 19, 41
What are the prime factors of 62909?
7, 11, 19, 43
What are the prime factors of 2?
2
List the prime factors of 2189.
11, 199
What are the prime factors of 50061?
3, 11, 37, 41
List the prime factors of 21325.
5, 853
List the prime factors of 939.
3, 313
What are the prime factors of 8448?
2, 3, 11
What are the prime factors of 28150?
2, 5, 563
List the prime factors of 44403.
3, 19, 41
List the prime factors of 14782.
2, 19, 389
List the prime factors of 7258.
2, 19, 191
What are the prime factors of 2031?
3, 677
List the prime factors of 1607.
1607
List the prime factors of 26042.
2, 29, 449
What are the prime factors of 5832?
2, 3
List the prime factors of 20324.
2, 5081
List the prime factors of 814.
2, 11, 37
What are the prime factors of 8026?
2, 4013
What are the prime factors of 1040?
2, 5, 13
What are the prime factors of 25961?
13, 1997
What are the prime factors of 4869?
3, 541
List the prime factors of 85832.
2, 10729
List the prime factors of 1278.
2, 3, 71
List the prime factors of 11564.
2, 7, 59
What are the prime factors of 64149?
3, 21383
List the prime factors of 3113.
11, 283
What are the prime factors of 41283?
3, 11, 139
List the prime factors of 9728.
2, 19
What are the prime factors of 6743?
11, 613
List the prime factors of 51588.
2, 3, 1433
List the prime factors of 528.
2, 3, 11
List the prime factors of 670.
2, 5, 67
What are the prime factors of 8678?
2, 4339
List the prime factors of 22817.
22817
What are the prime factors of 19153?
107, 179
What are the prime factors of 3198?
2, 3, 13, 41
List the prime factors of 10005.
3, 5, 23, 29
What are the prime factors of 317?
317
List the prime factors of 26997.
3, 8999
What are the prime factors of 9780?
2, 3, 5, 163
What are the prime factors of 2278?
2, 17, 67
What are the prime factors of 1843?
19, 97
List the prime factors of 4852.
2, 1213
List the prime factors of 14022.
2, 3, 19, 41
What are the prime factors of 1277?
1277
List the prime factors of 6959.
6959
List the prime factors of 2493.
3, 277
List the prime factors of 3137.
3137
List the prime factors of 36823.
23, 1601
What are the prime factors of 466?
2, 233
List the prime factors of 1776.
2, 3, 37
List the prime factors of 803.
11, 73
What are the prime factors of 32197?
11, 2927
List the prime factors of 3220.
2, 5, 7, 23
What are the prime factors of 6968?
2, 13, 67
List the prime factors of 2588.
2, 647
What are the prime factors of 16767?
3, 23
What are the prime factors of 49070?
2, 5, 7, 701
List the prime factors of 15555.
3, 5, 17, 61
List the prime factors of 49170.
2, 3, 5, 11, 149
List the prime factors of 614.
2, 307
What are the prime factors of 27137?
11, 2467
List the prime factors of 46656.
2, 3
What are the prime factors of 941?
941
What are the prime factors of 22285?
5, 4457
List the prime factors of 41326.
2, 20663
List the prime factors of 2559.
3, 853
What are the prime factors of 92173?
92173
List the prime factors of 868.
2, 7, 31
What are the prime factors of 20228?
2, 13, 389
List the prime factors of 15226.
2, 23, 331
List the prime factors of 6000.
2, 3, 5
What are the prime factors of 125?
5
List the prime factors of 1634.
2, 19, 43
What are the prime factors of 572?
2, 11, 13
What are the prime factors of 1477?
7, 211
List the prime factors of 3362.
2, 41
List the prime factors of 7009.
43, 163
List the prime factors of 4295.
5, 859
What are the prime factors of 1675?
5, 67
List the prime factors of 721.
7, 103
List the prime factors of 5590.
2, 5, 13, 43
List the prime factors of 158531.
47, 3373
What are the prime factors of 1368?
2, 3, 19
What are the prime factors of 1173?
3, 17, 23
List the prime factors of 26153.
26153
What are the prime factors of 33743?
41, 823
List the prime factors of 127.
127
List the prime factors of 1337.
7, 191
List the prime factors of 410.
2, 5, 41
What are the prime factors of 26660?
2, 5, 31, 43
List the prime factors of 27542.
2, 47, 293
List the prime factors of 11844.
2, 3, 7, 47
List the prime factors of 2089.
2089
List the prime factors of 3789.
3, 421
List the prime factors of 26342.
2, 13171
List the prime factors of 1649.
17, 97
List the prime factors of 77711.
77711
List the prime factors of 5681.
13, 19, 23
What are the prime factors of 6506?
2, 3253
What are the prime factors of 1220?
2, 5, 61
What are the prime factors of 827?
827
List the prime factors of 27494.
2, 59, 233
What are the prime factors of 8444?
2, 2111
What are the prime factors of 17367?
3, 7, 827
List the prime factors of 2476.
2, 619
What are the prime factors of 56865?
3, 5, 17, 223
What are the prime factors of 1173?
3, 17, 23
What are the prime factors of 18258?
2, 3, 17, 179
List the prime factors of 300.
2, 3, 5
List the prime factors of 117088.
2, 3659
What are the prime factors of 5650?
2, 5, 113
What are the prime factors of 4146?
2, 3, 691
List the prime factors of 18833.
37, 509
List the prime factors of 81330.
2, 3, 5, 2711
List the prime factors of 121343.
121343
List the prime factors of 28053.
3, 1039
Li